te?
True
Is 44167 a prime number?
False
Is 117389 prime?
True
Is 20993 a prime number?
False
Is 39607 a prime number?
True
Is 43919 a composite number?
True
Is 12689 a composite number?
False
Is 210331 composite?
True
Is 5179 a prime number?
True
Is 49493 a composite number?
True
Is 1657 prime?
True
Is 36103 a composite number?
True
Is 1391011 a composite number?
False
Is 164482 composite?
True
Is 8753 a composite number?
False
Is 4397 prime?
True
Is 13507 prime?
False
Is 220937 prime?
False
Is 1949 prime?
True
Is 335105 composite?
True
Is 78779 a composite number?
False
Is 178957 a prime number?
False
Is 10559 a composite number?
False
Is 911 a composite number?
False
Is 79 a prime number?
True
Is 66571 a prime number?
True
Is 52835 composite?
True
Is 259949 a composite number?
False
Is 59635 a composite number?
True
Is 10123 prime?
False
Is 191 a prime number?
True
Is 346705 a prime number?
False
Is 9689 a prime number?
True
Is 510661 prime?
False
Is 17093 composite?
False
Is 4871069 prime?
False
Is 45119 a prime number?
True
Is 198031 composite?
False
Is 21971 a composite number?
True
Is 58637 a prime number?
False
Is 292313 composite?
True
Is 951353 prime?
False
Is 66127 composite?
True
Is 416582 prime?
False
Is 614779 prime?
False
Is 12703 a prime number?
True
Is 41071 a prime number?
False
Is 3487 prime?
False
Is 646339 a prime number?
True
Is 13649 prime?
True
Is 97367 a composite number?
False
Is 36523 a prime number?
True
Is 254501 a composite number?
True
Is 1819481 composite?
False
Is 862157 a prime number?
True
Is 39777 a prime number?
False
Is 4427 composite?
True
Is 1646579 a prime number?
False
Is 3407 composite?
False
Is 61993 composite?
True
Is 53437 prime?
True
Is 231529 a prime number?
True
Is 40423 composite?
False
Is 5129 prime?
False
Is 20649 a composite number?
True
Is 18263 composite?
True
Is 216571 a composite number?
False
Is 82457 prime?
True
Is 8143 prime?
False
Is 255761 composite?
True
Is 696169 composite?
True
Is 15401 composite?
False
Is 17282 a prime number?
False
Is 41809 prime?
True
Is 5305 a composite number?
True
Is 26479 a composite number?
False
Is 34285 a composite number?
True
Is 69821 prime?
True
Is 379519 a prime number?
False
Is 6139 prime?
False
Is 20017 composite?
True
Is 106 prime?
False
Is 4987 composite?
False
Is 3403 composite?
True
Is 2949 a composite number?
True
Is 63287 prime?
False
Is 16909 a composite number?
True
Is 178355 a composite number?
True
Is 12451 prime?
True
Is 760417 a composite number?
True
Is 1543 prime?
True
Is 35603 composite?
False
Is 5251 a prime number?
False
Is 28733 a prime number?
False
Is 137927 a composite number?
False
Is 5941 composite?
True
Is 3972131 prime?
False
Is 4560631 a composite number?
False
Is 134327 prime?
True
Is 31687 a prime number?
True
Is 5447 prime?
False
Is 7789 a composite number?
False
Is 236107 prime?
True
Is 74843 prime?
True
Is 214939 composite?
False
Is 459035 a composite number?
True
Is 5627 a prime number?
False
Is 165467 composite?
True
Is 5209 composite?
False
Is 576377 a composite number?
False
Is 85171 composite?
True
Is 1495817 prime?
True
Is 621505 composite?
True
Is 745 composite?
True
Is 387831 a composite number?
True
Is 3671 composite?
False
Is 824441 a composite number?
True
Is 69743 a prime number?
False
Is 50059 composite?
True
Is 47737 a composite number?
False
Is 17729 a prime number?
True
Is 26813 a prime number?
True
Is 1444535 a composite number?
True
Is 14461 a prime number?
True
Is 1403 prime?
False
Is 64039 composite?
True
Is 2183371 a prime number?
True
Is 15943 prime?
False
Is 9989 composite?
True
Is 1019269 a composite number?
True
Is 28537 prime?
True
Is 3967 composite?
False
Is 893 a prime number?
False
Is 59317 prime?
False
Is 112703 prime?
False
Is 184307 prime?
False
Is 3042391 prime?
False
Is 16603 a composite number?
False
Is 785 composite?
True
Is 444929 composite?
False
Is 328481 composite?
False
Is 4291 a prime number?
False
Is 9543 prime?
False
Is 44177 a prime number?
False
Is 254 prime?
False
Is 9881 a composite number?
True
Is 1223951 composite?
True
Is 43 a composite number?
False
Is 89137 a composite number?
False
Is 2895571 prime?
False
Is 8147 a prime number?
True
Is 66169 a prime number?
True
Is 16963 composite?
False
Is 135319 a prime number?
True
Is 193517 prime?
False
Is 12809 prime?
True
Is 50329 a prime number?
True
Is 71563 prime?
True
Is 13163 a prime number?
True
Is 7411 prime?
True
Is 2179 a prime number?
True
Is 7897 composite?
True
Is 208067 composite?
False
Is 24859 prime?
True
Is 232745 a composite number?
True
Is 2941 a prime number?
False
Is 5899 a composite number?
True
Is 32831 a prime number?
True
Is 112171 a composite number?
True
Is 55967 a prime number?
True
Is 680999 composite?
True
Is 89542 prime?
False
Is 6037 a composite number?
False
Is 1103 a prime number?
True
Is 69253 composite?
True
Is 204623 a composite number?
False
Is 104623 prime?
True
Is 2559283 a prime number?
True
Is 6521 a prime number?
True
Is 22189 a composite number?
False
Is 20701 a prime number?
False
Is 6101 composite?
False
Is 229109 prime?
False
Is 29407 a prime number?
False
Is 67835 a prime number?
False
Is 33137 prime?
False
Is 34583 prime?
True
Is 161123 prime?
True
Is 54239 a composite number?
True
Is 192971 prime?
True
Is 10961 composite?
True
Is 55983 prime?
False
Is 521863 prime?
False
Is 2101 a composite number?
True
Is 23479 a composite number?
True
Is 2371 a composite number?
False
Is 210333 a composite number?
True
Is 381935 composite?
True
Is 35339 prime?
True
Is 188585 a prime number?
False
Is 10713 prime?
False
Is 34781 a prime number?
True
Is 190699 a prime number?
True
Is 53437 a composite number?
False
Is 5219 a prime number?
False
Is 209299 composite?
False
Is 48857 composite?
False
Is 7183 a composite number?
True
Is 1043617 a prime number?
True
Is 24793 a composite number?
False
Is 70769 composite?
False
Is 68441 prime?
False
Is 925487 a composite number?
False
Is 11917 a composite number?
True
Is 80035 a prime number?
False
Is 14189 a composite number?
True
Is 318335 prime?
False
Is 8663 prime?
True
Is 903277 a prime number?
False
Is 24379 prime?
True
Is 64483 composite?
False
Is 1950581 a prime number?
False
Is 184561 prime?
False
Is 1757 composite?
True
Is 23651 prime?
False
Is 520063 composite?
False
Is 77611 a composite number?
False
Is 107893 composite?
True
Is 24407 prime?
True
Is 379 a composite number?
False
Is 192697 prime?
True
Is 552839 a prime number?
False
Is 31967 a prime number?
False
Is 52907 prime?
False
Is 40661 a composite number?
True
Is 536879 a prime number?
False
Is 68219 prime?
True
Is 73193 a prime number?
False
Is 291251 a composite number?
True
Is 787 composite?
False
Is 30409 a composite number?
True
Is 148891 a prime number?
True
Is 2163917 a prime number?
False
Is 148207 a composite number?
False
Is 126541 composite?
False
Is 23761 composite?
False
Is 135383 a composite number?
True
Is 98391 a composite number?
True
Is 693589 a composite number?
True
Is 25539 a composite number?
True
Is 55897 prime?
True
Is 103079 a prime number?
True
Is 3643 a prime number?
True
Is 9601 prime?
True
Is 197763 a prime number?
False
Is 92681 a prime number?
True
Is 6823 a composite number?
False
Is 708113 composite?
True
Is 165899 prime?
False
Is 3382619 a prime number?
False
Is 54506 prime?
False
Is 3504221 prime?
False
Is 326 a prime number?
False
Is 102139 prime?
True
Is 7753 composite?
False
Is 38903 a prime number?
True
Is 16183 composite?
False
Is 142849 composite?
True
Is 9739 prime?
True
Is 991693 prime?
True
Is 20173 a prime number?
True
Is 5773 a composite number?
True
Is 101995 a prime number?
False
Is 4873 a prime number?
False
Is 1283063 a composite number?
False
Is 5297 prime?
True
Is 364739 a composite number?
False
Is 361357 prime?
True
Is 658447 a prime number?
True
Is 37357 a composite number?
False
Is 110989 a composite number?
False
Is 2531 composite?
False
Is 39251 prime?
True
Is 578917 a prime number?
True
Is 127217 prime?
True
Is 1369051 a prime number?
True
Is 23601 prime?
False
Is 16637 a composite number?
True
Is 62261 prime?
False
Is 21089 a prime number?
True
Is 52157 a prime number?
False
Is 363119 a composite number?
False
Is 10667 